9
What is the remainder when 65961287 is divided by 118?
113
Calculate the remainder when 103350 is divided by 2071.
1871
What is the remainder when 94867 is divided by 1170?
97
Calculate the remainder when 81282 is divided by 13409.
828
Calculate the remainder when 711264 is divided by 79025.
39
Calculate the remainder when 28441642 is divided by 9480545.
7
What is the remainder when 24185343 is divided by 165?
138
Calculate the remainder when 15520 is divided by 1094.
204
Calculate the remainder when 15244 is divided by 1004.
184
Calculate the remainder when 139712869 is divided by 1489.
1488
Calculate the remainder when 237298 is divided by 18167.
1127
What is the remainder when 282001 is divided by 1533?
1462
What is the remainder when 809191 is divided by 26935?
1141
Calculate the remainder when 11349073 is divided by 5.
3
Calculate the remainder when 797004 is divided by 1984.
1420
What is the remainder when 8228029 is divided by 16?
13
Calculate the remainder when 119029 is divided by 2717.
2198
What is the remainder when 188139 is divided by 9?
3
Calculate the remainder when 41244739 is divided by 414.
403
Calculate the remainder when 19124421 is divided by 67103.
66
Calculate the remainder when 899298 is divided by 112411.
10
Calculate the remainder when 268789 is divided by 89562.
103
Calculate the remainder when 522867 is divided by 322.
261
Calculate the remainder when 15452 is divided by 2541.
206
What is the remainder when 139786 is divided by 27544?
2066
What is the remainder when 6416981 is divided by 1322?
1315
What is the remainder when 104152706 is divided by 615?
611
What is the remainder when 345954 is divided by 38340?
894
Calculate the remainder when 1494687 is divided by 166076.
3
Calculate the remainder when 924351 is divided by 8.
7
What is the remainder when 4564072 is divided by 14309?
13810
Calculate the remainder when 41647 is divided by 506.
155
Calculate the remainder when 21015810 is divided by 5253951.
6
Calculate the remainder when 293418804 is divided by 449.
447
What is the remainder when 2479357 is divided by 309914?
45
Calculate the remainder when 202726010 is divided by 9164.
2
Calculate the remainder when 113608 is divided by 36848.
3064
Calculate the remainder when 220036 is divided by 651.
649
What is the remainder when 69840 is divided by 279?
90
What is the remainder when 187922856 is divided by 2306?
2304
Calculate the remainder when 11961615 is divided by 562.
7
Calculate the remainder when 283519 is divided by 384.
127
What is the remainder when 254607 is divided by 1270?
607
What is the remainder when 4276527 is divided by 12468?
3
What is the remainder when 7015254 is divided by 7195?
129
What is the remainder when 2717233 is divided by 686?
673
Calculate the remainder when 2346125 is divided by 18.
5
What is the remainder when 8746474 is divided by 156187?
2
What is the remainder when 1082858 is divided by 360901?
155
Calculate the remainder when 98315 is divided by 722.
123
Calculate the remainder when 427104 is divided by 729.
639
What is the remainder when 13080 is divided by 207?
39
Calculate the remainder when 412926 is divided by 58962.
192
What is the remainder when 1431719 is divided by 360?
359
Calculate the remainder when 72210 is divided by 531.
525
What is the remainder when 938846 is divided by 977?
926
What is the remainder when 253915 is divided by 89?
87
Calculate the remainder when 14800821 is divided by 26430.
21
Calculate the remainder when 2409725 is divided by 64.
61
Calculate the remainder when 17544072 is divided by 5223.
15
Calculate the remainder when 155335 is divided by 11.
4
What is the remainder when 184070 is divided by 45975?
170
What is the remainder when 623856 is divided by 36693?
75
Calculate the remainder when 125267 is divided by 1015.
422
Calculate the remainder when 275581 is divided by 6125.
6081
Calculate the remainder when 2184969 is divided by 1582.
227
What is the remainder when 23471537 is divided by 278?
275
Calculate the remainder when 1043000 is divided by 933.
839
What is the remainder when 11202 is divided by 59?
51
Calculate the remainder when 406735 is divided by 147.
133
What is the remainder when 8627709 is divided by 128?
125
What is the remainder when 262407 is divided by 170?
97
What is the remainder when 90390862 is divided by 755?
752
Calculate the remainder when 42307 is divided by 1054.
147
What is the remainder when 17857 is divided by 1527?
1060
What is the remainder when 871622 is divided by 1147?
1049
Calculate the remainder when 2412500 is divided by 15078.
20
What is the remainder when 108057 is divided by 2292?
333
What is the remainder when 15915364 is divided by 370124?
32
Calculate the remainder when 1198287 is divided by 19018.
153
Calculate the remainder when 8110175 is divided by 133.
101
What is the remainder when 77801 is divided by 409?
91
What is the remainder when 22168490 is divided by 238370?
80
What is the remainder when 47771954 is divided by 15?
14
Calculate the remainder when 1511502 is divided by 100761.
87
What is the remainder when 6171679 is divided by 971?
3
What is the remainder when 366903 is divided by 91597?
515
Calculate the remainder when 21469 is divided by 6111.
3136
What is the remainder when 24281673 is divided by 1372?
17
Calculate the remainder when 375000 is divided by 280.
80
What is the remainder when 131933 is divided by 1812?
1469
What is the remainder when 32708 is divided by 5241?
1262
What is the remainder when 22610 is divided by 6776?
2282
Calculate the remainder when 2283083 is divided by 91323.
8
What is the remainder when 150899 is divided by 150877?
22
Calculate the remainder when 3520572 is divided by 9834.
0
Calculate the remainder when 3452396 is divided by 249.
11
What is the remainder when 129222 is divided by 11693?
599
What is the remainder when 2362313 is divided by 393718?
5
What is the remainder when 2266187 is divided by 190?
57
Calculate the remainder when 16946276 is divided by 1278.
1274
What is the remainder when 638009 is divided by 10286?
277
Calculate the remainder when 2148045 is divided by 85898.
595
Calculate the remainder when 56197 is divided by 137.
27
What is the remainder when 572662 is divided by 114437?
477
What is the remainder when 2312851 is divided by 651?
499
What is the remainder when 81888617 is divided by 359?
358
What is the remainder when 5700719 is divided by 20?
19
Calculate the remainder when 14741957 is divided by 2105992.
13
What is the remainder when 324725 is divided by 1120?
1045
What is the remainder when 143833 is divided by 47436?
1525
Calculate the remainder when 1416825 is divided by 157408.
153
What is the remainder when 10910 is divided by 1711?
644
What is the remainder when 771896 is divided by 228?
116
Calculate the remainder when 1208054 is divided by 1207809.
245
Calculate the remainder when 63636672 is divided by 706.
656
What is the remainder when 138050935 is divided by 881?
878
What is the remainder when 24312 is divided by 12123?
66
Calculate the remainder when 172030 is divided by 18935.
1615
What is the remainder when 3779979 is divided by 1480?
59
Calculate the remainder when 618196 is divided by 440.
436
What is the remainder when 1310220 is divided by 436707?
99
Calculate the remainder when 205120 is divided by 1615.
15
What is the remainder when 20344114 is divided by 161?
154
Calculate the remainder when 206044756 is divided by 12540.
16
Calculate the remainder when 534644 is divided by 127.
101
Calculate the remainder when 101004 is divided by 50439.
126
What is the remainder when 9127778 is divided by 20017?
26
What is the remainder when 3021740 is divided by 26?
20
What is the remainder when 131402 is divided by 263?
165
Calculate the remainder when 1120759 is divided by 5718.
31
Calculate the remainder when 72432 is divided by 1620.
1152
Calculate the remainder when 947549 is divided by 473674.
201
What is the remainder when 20838112 is divided by 336097?
98
What is the remainder when 33352 is divided by 33319?
33
What is the remainder when 3675835 is divided by 1271?
103
Calculate the remainder when 2020626 is divided by 404101.
121
What is the remainder when 970889 is divided by 21?
17
Calculate the 